7
Let r = 52 + -50. Suppose 134 = 5*s - r*d - d, 3*s - 90 = 5*d. Calculate the remainder when 73 is divided by s.
23
Suppose 3*j = 3*x + j - 53, x - 35 = 5*j. Let y = -87 + 175. What is the remainder when y is divided by x?
13
Suppose -2*j + 5*j = -69. Let o = 54 + j. Calculate the remainder when 92 is divided by o.
30
Let g(u) = -u**3 + 1. Suppose -3*f = 4*b + 94, 0 = 4*b - 5*f + 2*f + 82. Let o = b + 44. Calculate the remainder when g(-4) is divided by o.
21
Let r(t) = -3*t**2 - 11*t + 6. Let l be r(-4). Let d = 11 + -8. Calculate the remainder when (0 + l - -1) + 9/9 is divided by d.
1
Let b = 119 - -8. Calculate the remainder when b is divided by 45.
37
Let d = 152 + -134. Let j = -2 - -3. Suppose r - j = 32. Calculate the remainder when r is divided by d.
15
Suppose -11*b = -18*b + 6741. Calculate the remainder when b is divided by 46.
43
Suppose -3*g + 5*i + 16 + 21 = 0, -3*g + i + 17 = 0. Let a be 63 + 15/(g + -9). Suppose 0 = -9*l + 5*l + a. Calculate the remainder when l is divided by 8.
7
Let h(k) = k - 21. Let m be h(21). Suppose 0 = 4*y - m*y - 56. Suppose -d = 2*d - 81. Calculate the remainder when d is divided by y.
13
Suppose -2*j + 2 = -34. Let h be (6/2 - 4)*0. Suppose 3*b + h*b = 102. Calculate the remainder when b is divided by j.
16
Suppose -g = 4*w - 43, -g - 3*w + 111 = 2*g. Calculate the remainder when 87 is divided by g.
17
Suppose 6*o - 2*o = 8. Suppose -o = 3*a - 23. What is the remainder when a is divided by 5?
2
Let k(x) = -16*x - 19. Let n be k(-8). Suppose 3*u - 2*y + 7*y + n = 0, u + 43 = -3*y. Calculate the remainder when ((-116)/5)/(u/70) is divided by 12.
10
Let b = -322 + -188. What is the remainder when 23 is divided by 3/(-21) + b/(-42)?
11
Let f(d) = -6*d**2 + 3*d. Let o be f(2). Let i = -23 - o. Let y = 14 + i. Calculate the remainder when 33 is divided by y.
6
Let i(b) = 40*b - 6 + 14 - 10 + 0. What is the remainder when i(1) is divided by 10?
8
Let m(g) = g**2 - 8*g - 10. Let z = 96 + -82. Calculate the remainder when m(z) is divided by 25.
24
Let w(l) = l**3 + 52*l**2 + 191*l - 26. Let y = 191 + -127. Calculate the remainder when y is divided by w(-48).
20
Suppose -47*d + 889 + 380 = 0. Calculate the remainder when 81 is divided by d.
0
Suppose 2*p + 4*c - 46 = 3*c, -p = -c - 26. Suppose -28*b = -p*b - 104. What is the remainder when b is divided by 4?
2
Let p be ((-6)/15)/(7/(-385)). Let f(c) = -c**2 + 25*c - 31. Calculate the remainder when f(p) is divided by 5*(36/10 - 0).
17
Let g(i) = -i**3 + 13*i**2 - i + 12. Let w be g(13). What is the remainder when 46 is divided by w/(-5) - 357/(-15)?
22
Let p be (-6)/(-2) + (-1)/(-1). Suppose 4*k = 32 + p. Suppose 14*z - k*z = 20. Calculate the remainder when 9 is divided by z.
1
Let q be (33/(-6) - -5)*-34. Let x = q - -53. Calculate the remainder when x is divided by 8.
6
Let t(r) = 11 - 19 + 8*r - 3*r. What is the remainder when t(10) is divided by 22?
20
Suppose 10*a - 7*a = -486. Let c(b) = -b**3 - 11*b**2 + 8*b + 5. Calculate the remainder when c(-12) is divided by (-28)/42*a/4.
26
Suppose s - 2*x + 46 = 5*s, -54 = -3*s + 5*x. Let y(m) = -m**2 - m + 6. Let d be y(0). Calculate the remainder when s is divided by (-7)/(14/d) + 7.
1
Suppose 0*a - 56 = -4*a. Suppose -15*q + 1435 = 20*q. Calculate the remainder when q is divided by a.
13
Let j(q) = 113*q - 213*q - 1 + 108*q. Suppose -2*w - 4*v + 17 = v, -2*w - 1 = -v. Calculate the remainder when 13 is divided by j(w).
6
Let v = 36 + 3. Let j = v - 20. Let h = 32 + 23. Calculate the remainder when h is divided by j.
17
Let y = -3351 - -4381. Calculate the remainder when y is divided by 86.
84
Let f(n) = 2*n**3 + 2*n**2 - 2*n + 1. Let z be f(1). Suppose 0 = -2*l - 3*i + 49, z*l - 74 = -0*l - 5*i. What is the remainder when l is divided by 8?
7
Suppose 0 = -j - 0*k + 3*k - 2, 20 = 4*j - 5*k. Let a = 17 + 9. Calculate the remainder when a is divided by j.
6
Let g(f) = -f**2 - 20*f - 10. Let s be g(-18). Suppose 15 = -3*j, 2*u - s = -5*j + j. Calculate the remainder when 66 is divided by u.
20
Suppose 0 = w + 4*c + 21 + 28, -2*w + 2*c - 138 = 0. Let t = w + 111. Let v(z) = 4*z - 8. Calculate the remainder when t is divided by v(6).
14
Let p(l) = -l + 19. Let k be p(10). Calculate the remainder when 2/k - (-1955)/153 is divided by (2 - -2)*(-2)/(-2).
1
Suppose -3*g - 3*z + 0*z + 87 = 0, 0 = g - 3*z - 13. Suppose 3*i = 2*i + g. Calculate the remainder when i is divided by 2.
1
Let x(d) = d**3 - d**2 + d + 102. Let j be ((-2)/(-8)*0)/1. Calculate the remainder when x(j) is divided by 26.
24
Suppose 42 = 2*o + 3*c + 2*c, 0 = 5*o + c - 105. Calculate the remainder when 272 is divided by o.
20
Let u(c) = 5*c - 4 - c**3 - 13*c**2 - 5*c**2 + 20*c**2. Calculate the remainder when ((-15)/9)/(5/(-18)) is divided by u(3).
0
Let h = -356 - -407. What is the remainder when 57 is divided by h?
6
Let t = 9 - 6. Suppose 0 = q - 0*q - t*d - 8, 1 = -d. Suppose -19 = -2*r + r - 2*m, 2*r - 41 = -q*m. What is the remainder when 24 is divided by r?
11
Suppose 104 = 5*g - 3*i - 73, g + 3*i - 39 = 0. What is the remainder when 65 is divided by g?
29
Let v be 3/(-12) + 42/8. Let u(r) = 12*r - 2. Let x be u(v). Suppose -x = -2*n + 3*z, 3*z = 8*z. What is the remainder when n is divided by 10?
9
Suppose 0*k + 5*r = 3*k - 136, -4*k + r + 153 = 0. Calculate the remainder when k is divided by 10.
7
Suppose 35 = -5*w - 165. Let f = -15 - w. What is the remainder when f is divided by 9?
7
Suppose 0 = -3*p + 9, -5*p = -2*v + 5*v - 414. Let l(d) = 9*d + 7. Calculate the remainder when v is divided by l(3).
31
Let z(h) = h**3 - 4*h**2 + 4*h + 20. Calculate the remainder when z(0) is divided by 14.
6
Calculate the remainder when 30 is divided by ((-18)/(1*(-15)/(-20)))/(-2).
6
Let i = 305 - 174. Calculate the remainder when i is divided by 28.
19
Let u = 9 + -6. Suppose 58 = x + 2*j, -8*j + 3*j + 173 = u*x. Calculate the remainder when x is divided by 17.
5
Let g(v) = -2*v**3 + 40*v**2 + 9*v + 41. What is the remainder when g(20) is divided by 32?
29
Suppose 2*a + 3*b - 296 = 0, 2*a = -310*b + 312*b + 306. What is the remainder when a is divided by 31?
27
Let u be -6 + 2 + 3 - -5. Suppose 0*z = -4*z, -u*z + 4 = j. Suppose -j*o + a + 70 = 0, a - 10 = -4*a. What is the remainder when 33 is divided by o?
15
Let l be 1 + 1 - (-2 + 0). Suppose -4*t = -4*j - 84, -j - 33 = -3*t - l*j. Calculate the remainder when t is divided by 2 + (16/20)/(2/10).
4
Suppose -2*j - 70 = -0*j. Let q = j - -37. What is the remainder when 5 is divided by q?
1
Suppose -2*i + 44 = -3*d - 30, i = -5*d + 50. Calculate the remainder when 68 is divided by i.
28
Suppose 176 = 5*k + 21. Let c = k + -5. Calculate the remainder when 48 is divided by c.
22
Let x(j) = j**3 + 2*j + 85. Let t(g) = -g**3 - g**2 - g - 1. Let z be t(-1). Calculate the remainder when x(z) is divided by 11.
8
Let f(c) = c**3 - 6*c**2 + c + 4. Let l(g) = -4*g - 28. Let p be l(-12). Let o = p + 9. What is the remainder when o is divided by f(6)?
9
Suppose -2*a - 3*o = -37, -7*o = 2*a - 10*o - 67. Let g = 8 - 2. What is the remainder when a is divided by g?
2
Let m = -2106 - -2382. Calculate the remainder when m is divided by 92.
0
Let m = -266 - -388. Suppose 3*u = -3*f + 132, -m = -3*f - 5*u + 20. Calculate the remainder when f is divided by 21.
18
Suppose -3*t + 36 = 5*x, 5*t + 5*x - 2*x - 60 = 0. Calculate the remainder when 260 is divided by t.
8
Let t be 23 + -2 + (-3 - -1). Suppose t - 178 = -l. What is the remainder when l is divided by 32?
31
Suppose -4*i = 12, -3*d + 126 = i + i. Let m(t) = -15*t**3 + t**2 + 5*t + 4. What is the remainder when d is divided by m(-1)?
14
Suppose 8 = 4*m - 3*m. Suppose -3*l + m*l + 410 = 0. What is the remainder when l/(-2) - (-3 + 1) is divided by 22?
21
Suppose d + d = 8. Suppose 2*y + 0*y - 42 = -d*z, 3*y - 23 = 4*z. Calculate the remainder when ((-25)/(-2))/((-2)/(-4)) is divided by y.
12
Suppose -t - 2*w + 13 = 0, 3*t + 2*w = -w + 39. What is the remainder when 56/24*9/(1/1) is divided by t?
8
Let c = 3 + 3. Let l(p) = p**2 + 18*p - 16. Let g be l(-19). What is the remainder when c is divided by (-4)/(g - 7) + 1?
0
Suppose 8*l = -12 - 20. Calculate the remainder when 30 is divided by 3/(l + (-335)/(-80)).
14
Let r = -408 + 478. Calculate the remainder when r is d